True
Is 28512410 a multiple of 230?
True
Is 379 a factor of 364598?
True
Is 343030098 a multiple of 43?
False
Is 113 a factor of 20561521?
False
Does 2730 divide 55018457?
False
Is 10 a factor of 17378357?
False
Is 141 a factor of 29416830?
True
Is 385335608 a multiple of 59?
True
Does 566 divide 82785990?
True
Is 4368120 even?
True
Is 556 a factor of 75227939?
False
Is 321178773 a multiple of 5?
False
Is 291775547 a multiple of 8?
False
Is 4636 a factor of 495695307?
False
Is 36 a factor of 72908129?
False
Is 1111 a factor of 633055577?
True
Is 8066755 a multiple of 139?
False
Does 27 divide 16580673?
True
Is 197964876 a multiple of 12?
True
Is 699 a factor of 976086396?
True
Is 68374831 a multiple of 2794?
False
Is 343080237 a multiple of 29?
True
Does 11048 divide 2301121632?
True
Is 2471098188 a multiple of 6134?
False
Is 830 a factor of 29461680?
True
Is 48824866 a multiple of 7654?
True
Is 37 a factor of 22096800?
False
Does 11 divide 1812426?
True
Is 343 a factor of 440078291?
False
Is 328685888 a multiple of 17?
True
Is 578971 a multiple of 43?
False
Is 53 a factor of 17867413?
True
Does 25 divide 42096736?
False
Is 23 a factor of 344987258?
True
Is 2571028666 a multiple of 326?
True
Is 1612875365 a multiple of 5?
True
Does 79 divide 1411923392?
True
Does 1338 divide 119551581?
False
Is 5569856 a multiple of 29?
True
Is 978584591 a multiple of 4695?
False
Is 13364160 a multiple of 48?
True
Is 85109131 a multiple of 238?
False
Is 2393466477 a multiple of 1824?
False
Is 45 a factor of 42397648?
False
Does 6314 divide 2163906615?
False
Is 49 a factor of 1221020122?
True
Is 317 a factor of 158451118?
False
Is 399690436 a multiple of 33?
False
Is 736 a factor of 1150405599?
False
Is 1081598969 a multiple of 351?
False
Is 289736554 a multiple of 33?
False
Does 62 divide 816719703?
False
Does 580 divide 43401980?
True
Does 43 divide 90405780?
True
Is 367 a factor of 4024103?
False
Does 11 divide 73030820?
False
Does 152 divide 2519883?
False
Does 16 divide 30387164?
False
Is 826 a factor of 12378436?
True
Is 1581 a factor of 3577516839?
True
Does 23 divide 34467278?
False
Does 32 divide 59020608?
True
Is 43 a factor of 239092169?
True
Does 109 divide 111687908?
False
Is 147448457 a multiple of 13?
True
Does 235 divide 54411240?
False
Is 142 a factor of 863907?
False
Is 2123 a factor of 167717?
True
Is 5016986 a multiple of 4?
False
Is 175196399 a multiple of 268?
False
Is 134244508 a multiple of 388?
True
Does 66 divide 17311840?
False
Is 1102319852 a multiple of 9?
False
Does 1430 divide 961155910?
True
Is 65808215 a multiple of 5?
True
Is 177 a factor of 272402646?
True
Does 127 divide 25198378?
False
Is 7 a factor of 54862003?
True
Is 98438580 a multiple of 90?
True
Is 480923781 a multiple of 9?
False
Is 112102341 a multiple of 319?
False
Is 45 a factor of 933120?
True
Does 22 divide 183077704?
False
Is 578 a factor of 215367?
False
Does 2 divide 95394358?
True
Is 3 a factor of 14868228?
True
Is 66 a factor of 17762285?
False
Is 628 a factor of 634695108?
True
Is 8754544839 a multiple of 12?
False
Is 1753843728 a multiple of 28?
True
Is 127579770 a multiple of 2826?
True
Does 449 divide 54542275?
True
Is 758111079 a multiple of 6?
False
Is 6 a factor of 34388574?
True
Is 13 a factor of 120274421?
False
Does 74 divide 1030942668?
False
Does 11 divide 21564702?
False
Is 1088 a factor of 4421595?
False
Is 129047939 a multiple of 114?
False
Is 6 a factor of 10700856?
True
Is 23186538 a multiple of 172?
False
Is 1727 a factor of 1922209919?
False
Is 8102367 a multiple of 21?
True
Is 28 a factor of 1562973804?
True
Does 62 divide 25089289?
False
Is 44 a factor of 2417450728?
True
Is 25 a factor of 46590679?
False
Is 2545655 a multiple of 25?
False
Is 44 a factor of 339133564?
True
Is 46 a factor of 549422666?
True
Is 367628976 a multiple of 66?
True
Is 29 a factor of 1112389988?
False
Does 47 divide 26412277?
False
Is 97 a factor of 2994770628?
True
Does 8753 divide 2028227654?
True
Is 439993280 a multiple of 1696?
True
Is 16 a factor of 2747032?
False
Is 21287367 a multiple of 10?
False
Is 3244 a factor of 90634116?
True
Is 181101142 a multiple of 966?
False
Is 432042176 a multiple of 43?
False
Is 4966 a factor of 583992717?
False
Is 542943639 a multiple of 47?
False
Is 96 a factor of 9548352?
True
Is 220103506 a multiple of 230?
False
Is 13 a factor of 407103064?
False
Is 7798014 a multiple of 126?
True
Is 23502439 a multiple of 463?
False
Does 44 divide 5563360?
True
Is 605 a factor of 45208625?
True
Is 950335125 a multiple of 1475?
True
Does 284 divide 306587088?
True
Does 8638 divide 541213890?
True
Does 13009 divide 2241424682?
True
Does 535 divide 535407135?
True
Is 35 a factor of 434035350?
True
Is 4837646 a multiple of 118?
True
Does 7 divide 396459283?
False
Does 1705 divide 27748011?
False
Is 1729 a factor of 2356562766?
False
Is 5756402 a multiple of 131?
True
Is 15240579 a multiple of 65?
False
Is 372095460 a multiple of 198?
True
Is 524 a factor of 65736827?
False
Does 126 divide 24641820?
True
Does 32 divide 162718723?
False
Is 1227798 a multiple of 351?
True
Is 408967470 a multiple of 102?
True
Is 15266663 a multiple of 15?
False
Is 579593244 a multiple of 3?
True
Is 7430230 a multiple of 235?
True
Does 3406 divide 24506170?
True
Is 10 a factor of 15943589?
False
Does 275 divide 20967408?
False
Is 22046504 a multiple of 4?
True
Does 139 divide 621120805?
True
Is 151 a factor of 33448463?
True
Is 2530 a factor of 1049254250?
True
Is 321356071 a multiple of 30?
False
Does 24 divide 11227610?
False
Is 45910731 a multiple of 909?
False
Is 53651273 a multiple of 327?
False
Is 24 a factor of 246611732?
False
Does 143 divide 181361017?
False
Is 385 a factor of 17323597?
False
Is 80662450 a multiple of 85?
True
Is 220376125 a multiple of 14?
False
Does 102 divide 50799570?
True
Is 7511364 a multiple of 36?
True
Is 704264130 a multiple of 15?
True
Is 207 a factor of 1274499?
True
Is 168335580 a multiple of 93?
True
Does 9 divide 41326392?
False
Is 19112306 a multiple of 62?
True
Is 11 a factor of 323607986?
False
Is 315810961 a multiple of 5522?
False
Does 7 divide 18438854?
True
Is 14931030 a multiple of 15?
True
Is 10433372 a multiple of 47?
False
Is 20052576 a multiple of 144?
True
Does 149 divide 59250579?
False
Is 263 a factor of 38778824?
True
Is 458244227 a multiple of 16?
False
Is 50243264 a multiple of 1161?
False
Is 71 a factor of 39933826?
False
Is 19 a factor of 39172530?
False
Is 128 a factor of 59850849?
False
Does 25 divide 321934881?
False
Is 43186839 a multiple of 11?
False
Is 23 a factor of 75164783?
False
Is 512211996 a multiple of 3852?
True
Is 6065448 a multiple of 67?
False
Is 2 a factor of 101890787?
False
Does 13 divide 1841416824?
True
Does 92 divide 1241761444?
True
Does 28 divide 53783558?
False
Does 166 divide 287698169?
False
Is 21226203 a multiple of 11?
False
Is 86 a factor of 992729820?
True
Is 14883006 a multiple of 784?
False
Is 3524 a factor of 3214630?
False
Is 20412231 a multiple of 80?
False
Does 43 divide 9431890?
False
Is 2109452 a multiple of 157?
True
Is 14584875 a multiple of 125?
True
Is 28 a factor of 1127056644?
True
Does 95 divide 12405049?
False
Does 1145 divide 4395655?
True
Does 134 divide 58308626?
True
Is 95596969 a multiple of 11?
False
Is 58 a factor of 15507154?
False
Is 35 a factor of 72135945?
True
Does 333 divide 735049035?
False
Does 2 divide 17271178?
True
Is 169 a factor of 1532492?
True
Is 890925 a multiple of 175?
True
Is 170417688 a multiple of 29?
True
Does 4 divide 145781428?
True
Is 2 a factor of 2487965?
False
Is 55 a factor of 1232770?
True
Is 648907656 a multiple of 246?
True
Is 359737159 a multiple of 5541?
False
Does 39 divide 3155940?
False
Is 1353560088 a multiple of 4715?
False
Does 3 divide 47910126?
True
Is 130112990 a multiple of 10?
True
Does 62 divide 12468982?
False
Is 222511104 a multiple of 48?
True
Does 6 divide 155860054?
False
Is 1409 a factor of 6298098?
False
Is 115 a factor of 21736610?
True
Is 213373166 a multiple of 7?
False
Is 178219968 a multiple of 2582?
True
Is 224872486 a multiple of 113?
True
Is 1402 a factor of 182355336?
True
Is 192635806 a multiple of 367?
False
Is 21990089 a multiple of 751?
False
Does 1153 divide 201039322?
False
Is 